{"id":23,"date":"2016-02-27T08:40:04","date_gmt":"2016-02-27T08:40:04","guid":{"rendered":"http:\/\/test.kriesi.at\/enfold-cv\/?page_id=2"},"modified":"2024-06-26T16:39:05","modified_gmt":"2024-06-26T14:39:05","slug":"cv","status":"publish","type":"page","link":"https:\/\/jabri.fr\/","title":{"rendered":"CV"},"content":{"rendered":"<div id='av-layout-grid-1'  class='av-layout-grid-container av-1awsjn-0335c0ac9afda465f77ebf21c1b77531 entry-content-wrapper main_color av-fixed-cells  avia-builder-el-0  el_before_av_section  avia-builder-el-first   container_wrap fullsize'  >\n\n<style type=\"text\/css\" data-created_by=\"avia_inline_auto\" id=\"style-css-av-gjxf-d463667d01fb83aa754a6024d206a1b5\">\n.flex_cell.av-gjxf-d463667d01fb83aa754a6024d206a1b5{\nvertical-align:top;\nbackground-color:#a0cdd2;\n}\n.responsive #top #wrap_all .flex_cell.av-gjxf-d463667d01fb83aa754a6024d206a1b5{\npadding:3px 0px 0px 0px !important;\n}\n<\/style>\n<div class='flex_cell av-gjxf-d463667d01fb83aa754a6024d206a1b5 av-gridrow-cell av_one_third no_margin  avia-builder-el-1  el_before_av_cell_one_third  avia-builder-el-first  content-align-top'  ><div class='flex_cell_inner'><\/div><\/div>\n<style type=\"text\/css\" data-created_by=\"avia_inline_auto\" id=\"style-css-av-19orqv-5f713a75fe79a7063e251603780e43cf\">\n.flex_cell.av-19orqv-5f713a75fe79a7063e251603780e43cf{\nvertical-align:top;\nbackground-color:#88aeb3;\n}\n.responsive #top #wrap_all .flex_cell.av-19orqv-5f713a75fe79a7063e251603780e43cf{\npadding:3px 0px 0px 0px !important;\n}\n<\/style>\n<div class='flex_cell av-19orqv-5f713a75fe79a7063e251603780e43cf av-gridrow-cell av_one_third no_margin  avia-builder-el-2  el_after_av_cell_one_third  el_before_av_cell_one_third  content-align-top'  ><div class='flex_cell_inner'><\/div><\/div>\n<style type=\"text\/css\" data-created_by=\"avia_inline_auto\" id=\"style-css-av-1944gj-f824107e88d3dad1eae454efb56ccc26\">\n.flex_cell.av-1944gj-f824107e88d3dad1eae454efb56ccc26{\nvertical-align:top;\nbackground-color:#697e81;\n}\n.responsive #top #wrap_all .flex_cell.av-1944gj-f824107e88d3dad1eae454efb56ccc26{\npadding:3px 0px 0px 0px !important;\n}\n<\/style>\n<div class='flex_cell av-1944gj-f824107e88d3dad1eae454efb56ccc26 av-gridrow-cell av_one_third no_margin  avia-builder-el-3  el_after_av_cell_one_third  avia-builder-el-last  content-align-top'  ><div class='flex_cell_inner'><\/div><\/div>\n<\/div>\n<div id='av_section_1'  class='avia-section av-18dc9f-ac400340af844d56349a2189f6509016 main_color avia-section-large avia-no-border-styling  avia-builder-el-4  el_after_av_layout_row  avia-builder-el-last  avia-bg-style-scroll container_wrap fullsize'  ><div class='container av-section-cont-open' ><div class='template-page content  av-content-full alpha units'><div class='post-entry post-entry-type-page post-entry-23'><div class='entry-content-wrapper clearfix'>\n<div class='flex_column_table av-17rkp3-a30913d8824af36f4fc1a049cff56aa5 sc-av_one_fifth av-equal-height-column-flextable'>\n<style type=\"text\/css\" data-created_by=\"avia_inline_auto\" id=\"style-css-av-17rkp3-a30913d8824af36f4fc1a049cff56aa5\">\n#top .flex_column_table.av-equal-height-column-flextable.av-17rkp3-a30913d8824af36f4fc1a049cff56aa5{\nmargin-top:0px;\nmargin-bottom:0px;\n}\n.flex_column.av-17rkp3-a30913d8824af36f4fc1a049cff56aa5{\nborder-radius:0px 0px 0px 0px;\npadding:0px 20px 0px 0px;\n}\n<\/style>\n<div  class='flex_column av-17rkp3-a30913d8824af36f4fc1a049cff56aa5 av_one_fifth  avia-builder-el-5  el_before_av_three_fifth  avia-builder-el-first  first no_margin flex_column_table_cell av-equal-height-column av-align-middle  '     ><style type=\"text\/css\" data-created_by=\"avia_inline_auto\" id=\"style-css-av-16zk4r-280baef0717327fb635f300a47650212\">\n.avia-image-container.av-16zk4r-280baef0717327fb635f300a47650212 img.avia_image{\nbox-shadow:none;\n}\n.avia-image-container.av-16zk4r-280baef0717327fb635f300a47650212 .av-image-caption-overlay-center{\ncolor:#ffffff;\n}\n<\/style>\n<div  class='avia-image-container av-16zk4r-280baef0717327fb635f300a47650212 av-styling-circle av-img-linked avia-align-left  avia-builder-el-6  avia-builder-el-no-sibling '   itemprop=\"image\" itemscope=\"itemscope\" itemtype=\"https:\/\/schema.org\/ImageObject\" ><div class=\"avia-image-container-inner\"><div class=\"avia-image-overlay-wrap\"><a href=\"https:\/\/jabri.fr\/wp-content\/uploads\/2024\/06\/MyProfil-1030x942.jpg\" data-srcset=\"https:\/\/jabri.fr\/wp-content\/uploads\/2024\/06\/MyProfil-1030x942.jpg 1030w, https:\/\/jabri.fr\/wp-content\/uploads\/2024\/06\/MyProfil-300x274.jpg 300w, https:\/\/jabri.fr\/wp-content\/uploads\/2024\/06\/MyProfil-768x702.jpg 768w, https:\/\/jabri.fr\/wp-content\/uploads\/2024\/06\/MyProfil-705x645.jpg 705w, https:\/\/jabri.fr\/wp-content\/uploads\/2024\/06\/MyProfil.jpg 1458w\" data-sizes=\"(max-width: 1030px) 100vw, 1030px\" class='avia_image '  aria-label='MyProfil'><img decoding=\"async\" fetchpriority=\"high\" class='wp-image-137 avia-img-lazy-loading-not-137 avia_image ' src=\"https:\/\/jabri.fr\/wp-content\/uploads\/2024\/06\/MyProfil-300x274.jpg\" alt='' title='MyProfil'  height=\"274\" width=\"300\"  itemprop=\"thumbnailUrl\" srcset=\"https:\/\/jabri.fr\/wp-content\/uploads\/2024\/06\/MyProfil-300x274.jpg 300w, https:\/\/jabri.fr\/wp-content\/uploads\/2024\/06\/MyProfil-1030x942.jpg 1030w, https:\/\/jabri.fr\/wp-content\/uploads\/2024\/06\/MyProfil-768x702.jpg 768w, https:\/\/jabri.fr\/wp-content\/uploads\/2024\/06\/MyProfil-705x645.jpg 705w, https:\/\/jabri.fr\/wp-content\/uploads\/2024\/06\/MyProfil.jpg 1458w\" sizes=\"(max-width: 300px) 100vw, 300px\" \/><\/a><\/div><\/div><\/div><\/div>\n<style type=\"text\/css\" data-created_by=\"avia_inline_auto\" id=\"style-css-av-16l8jn-3d9e3170bc4a8c0798758c11be5e247a\">\n#top .flex_column_table.av-equal-height-column-flextable.av-16l8jn-3d9e3170bc4a8c0798758c11be5e247a{\nmargin-top:0px;\nmargin-bottom:0px;\n}\n.flex_column.av-16l8jn-3d9e3170bc4a8c0798758c11be5e247a{\nborder-radius:0px 0px 0px 0px;\npadding:0px 20px 0px 0px;\n}\n<\/style>\n<div  class='flex_column av-16l8jn-3d9e3170bc4a8c0798758c11be5e247a av_three_fifth  avia-builder-el-7  el_after_av_one_fifth  el_before_av_one_fifth  no_margin flex_column_table_cell av-equal-height-column av-align-middle  '     ><style type=\"text\/css\" data-created_by=\"avia_inline_auto\" id=\"style-css-av-khw8bk01-a9df030ac5da86f2d9d51798a8e2ccba\">\n#top .av-special-heading.av-khw8bk01-a9df030ac5da86f2d9d51798a8e2ccba{\npadding-bottom:0;\nfont-size:40px;\n}\nbody .av-special-heading.av-khw8bk01-a9df030ac5da86f2d9d51798a8e2ccba .av-special-heading-tag .heading-char{\nfont-size:25px;\n}\n#top #wrap_all .av-special-heading.av-khw8bk01-a9df030ac5da86f2d9d51798a8e2ccba .av-special-heading-tag{\nfont-size:40px;\n}\n.av-special-heading.av-khw8bk01-a9df030ac5da86f2d9d51798a8e2ccba .av-subheading{\nfont-size:18px;\n}\n\n@media only screen and (min-width: 480px) and (max-width: 767px){ \n#top #wrap_all .av-special-heading.av-khw8bk01-a9df030ac5da86f2d9d51798a8e2ccba .av-special-heading-tag{\nfont-size:0.8em;\n}\n}\n\n@media only screen and (max-width: 479px){ \n#top #wrap_all .av-special-heading.av-khw8bk01-a9df030ac5da86f2d9d51798a8e2ccba .av-special-heading-tag{\nfont-size:0.8em;\n}\n}\n<\/style>\n<div  class='av-special-heading av-khw8bk01-a9df030ac5da86f2d9d51798a8e2ccba av-special-heading-h3 blockquote modern-quote  avia-builder-el-8  avia-builder-el-no-sibling  av-inherit-size'><h3 class='av-special-heading-tag '  itemprop=\"headline\"  >Jabri Mohammed<\/h3><div class='av-subheading av-subheading_below'><p>Expert en solution digital<\/p>\n<\/div><div class=\"special-heading-border\"><div class=\"special-heading-inner-border\"><\/div><\/div><\/div><\/div>\n<style type=\"text\/css\" data-created_by=\"avia_inline_auto\" id=\"style-css-av-15em4r-d392bc7fe4fd3577cfe949e3a0fa74a1\">\n#top .flex_column_table.av-equal-height-column-flextable.av-15em4r-d392bc7fe4fd3577cfe949e3a0fa74a1{\nmargin-top:0px;\nmargin-bottom:0px;\n}\n.flex_column.av-15em4r-d392bc7fe4fd3577cfe949e3a0fa74a1{\nborder-radius:0px 0px 0px 0px;\npadding:0px 0px 0px 0px;\n}\n<\/style>\n<div  class='flex_column av-15em4r-d392bc7fe4fd3577cfe949e3a0fa74a1 av_one_fifth  avia-builder-el-9  el_after_av_three_fifth  el_before_av_hr  no_margin flex_column_table_cell av-equal-height-column av-align-middle av-zero-column-padding  '     ><style type=\"text\/css\" data-created_by=\"avia_inline_auto\" id=\"style-css-av-14mee3-244eef58ce602f3985f928366deaef18\">\n#top .av_textblock_section.av-14mee3-244eef58ce602f3985f928366deaef18 .avia_textblock{\nfont-size:13px;\n}\n<\/style>\n<section  class='av_textblock_section av-14mee3-244eef58ce602f3985f928366deaef18 '   itemscope=\"itemscope\" itemtype=\"https:\/\/schema.org\/CreativeWork\" ><div class='avia_textblock'  itemprop=\"text\" ><p>T\u00e9l\u00e9phone: 06.61.49.38.98<br \/>\nWeb:\u00a0 https:\/\/jabri.fr<\/p>\n<\/div><\/section><\/div><\/div><!--close column table wrapper. Autoclose: 1 --><div  class='hr av-14ea9f-ace2f19baf69c923b4996c8d0ca5bfb6 hr-big  avia-builder-el-11  el_after_av_one_fifth  el_before_av_one_third '><span class='hr-inner '><span class=\"hr-inner-style\"><\/span><\/span><\/div>\n\n<style type=\"text\/css\" data-created_by=\"avia_inline_auto\" id=\"style-css-av-13t8xj-9b44288a9451dca75afee28e0ceaae7c\">\n.flex_column.av-13t8xj-9b44288a9451dca75afee28e0ceaae7c{\nborder-radius:0px 0px 0px 0px;\npadding:0px 0px 0px 0px;\n}\n<\/style>\n<div  class='flex_column av-13t8xj-9b44288a9451dca75afee28e0ceaae7c av_one_third  avia-builder-el-12  el_after_av_hr  el_before_av_two_third  first flex_column_div av-zero-column-padding  '     ><p>\n<style type=\"text\/css\" data-created_by=\"avia_inline_auto\" id=\"style-css-av-136vdj-8471fd93a32c59a8fee3151c5934c9b8\">\n#top .hr.hr-invisible.av-136vdj-8471fd93a32c59a8fee3151c5934c9b8{\nmargin-top:-32px;\nheight:1px;\n}\n<\/style>\n<div  class='hr av-136vdj-8471fd93a32c59a8fee3151c5934c9b8 hr-invisible  avia-builder-el-13  el_before_av_heading  avia-builder-el-first '><span class='hr-inner '><span class=\"hr-inner-style\"><\/span><\/span><\/div><br \/>\n\n<style type=\"text\/css\" data-created_by=\"avia_inline_auto\" id=\"style-css-av-7ajen-7e7f015c389e2cfb299657a635e9a8b9\">\n#top .av-special-heading.av-7ajen-7e7f015c389e2cfb299657a635e9a8b9{\npadding-bottom:0;\n}\nbody .av-special-heading.av-7ajen-7e7f015c389e2cfb299657a635e9a8b9 .av-special-heading-tag .heading-char{\nfont-size:25px;\n}\n.av-special-heading.av-7ajen-7e7f015c389e2cfb299657a635e9a8b9 .av-subheading{\nfont-size:15px;\n}\n<\/style>\n<div  class='av-special-heading av-7ajen-7e7f015c389e2cfb299657a635e9a8b9 av-special-heading-h1 blockquote modern-quote  avia-builder-el-14  el_after_av_hr  avia-builder-el-last '><h1 class='av-special-heading-tag '  itemprop=\"headline\"  >Pr\u00e9sentation<\/h1><div class=\"special-heading-border\"><div class=\"special-heading-inner-border\"><\/div><\/div><\/div><\/p><\/div>\n<style type=\"text\/css\" data-created_by=\"avia_inline_auto\" id=\"style-css-av-11kjar-bced018754883c8be717afbc75f1434a\">\n.flex_column.av-11kjar-bced018754883c8be717afbc75f1434a{\nborder-radius:0px 0px 0px 0px;\npadding:0px 0px 0px 0px;\n}\n<\/style>\n<div  class='flex_column av-11kjar-bced018754883c8be717afbc75f1434a av_two_third  avia-builder-el-15  el_after_av_one_third  el_before_av_hr  flex_column_div av-animated-generic fade-in av-zero-column-padding  '     ><section  class='av_textblock_section av-11amqn-4941f4621bcc9e66e6ed7d51ca12dfd9 '   itemscope=\"itemscope\" itemtype=\"https:\/\/schema.org\/CreativeWork\" ><div class='avia_textblock'  itemprop=\"text\" ><div class=\"flex-shrink-0 flex flex-col relative items-end\">\n<div>\n<div class=\"pt-0.5 juice:pt-0\">\n<div class=\"gizmo-bot-avatar flex h-6 w-6 items-center justify-center overflow-hidden rounded-full juice:h-8 juice:w-8\"><\/div>\n<\/div>\n<\/div>\n<\/div>\n<div class=\"group\/conversation-turn relative flex w-full min-w-0 flex-col agent-turn\">\n<div class=\"flex-col gap-1 md:gap-3\">\n<div class=\"flex flex-grow flex-col max-w-full\">\n<div class=\"min-h-&#091;20px&#093; text-message flex flex-col items-start whitespace-pre-wrap break-words &#091;.text-message+&amp;&#093;:mt-5 juice:w-full juice:items-end overflow-x-auto gap-2\" dir=\"auto\" data-message-author-role=\"assistant\" data-message-id=\"78e0af41-c29b-4a22-a864-5af93dec7974\">\n<div class=\"flex w-full flex-col gap-1 juice:empty:hidden juice:first:pt-&#091;3px&#093;\">\n<div class=\"markdown prose w-full break-words dark:prose-invert light\">\n<h3>Introduction<\/h3>\n<p>Chef de projet digital passionn\u00e9 avec une solide exp\u00e9rience en tant que Data Analyst, sp\u00e9cialiste en SEO et expert en webmarketing. Fort de plusieurs ann\u00e9es d&rsquo;exp\u00e9rience dans le domaine du num\u00e9rique, j&rsquo;ai d\u00e9velopp\u00e9 une expertise polyvalente qui me permet de piloter efficacement des projets digitaux, d&rsquo;analyser des donn\u00e9es pour optimiser les performances et de mettre en place des strat\u00e9gies de marketing en ligne r\u00e9ussies.<\/p>\n<p>Mon parcours professionnel m&rsquo;a permis d&rsquo;acqu\u00e9rir une vision globale des enjeux digitaux et de ma\u00eetriser les outils et techniques indispensables pour atteindre les objectifs de mes clients. Que ce soit pour am\u00e9liorer votre visibilit\u00e9 en ligne, d\u00e9velopper une strat\u00e9gie marketing sur mesure ou g\u00e9rer vos projets digitaux de A \u00e0 Z, je suis \u00e0 votre disposition pour vous accompagner et vous offrir des solutions adapt\u00e9es \u00e0 vos besoins.<\/p>\n<\/div>\n<\/div>\n<\/div>\n<\/div>\n<\/div>\n<\/div>\n<\/div><\/section><\/div><div  class='hr av-zw0lf-c3ec8033d04f4d38764abbba04986239 hr-big  avia-builder-el-17  el_after_av_two_third  el_before_av_one_third '><span class='hr-inner '><span class=\"hr-inner-style\"><\/span><\/span><\/div>\n\n<style type=\"text\/css\" data-created_by=\"avia_inline_auto\" id=\"style-css-av-jtpm3-4ed2f5e447b7d9754a25c7d604f2646e\">\n.flex_column.av-jtpm3-4ed2f5e447b7d9754a25c7d604f2646e{\nborder-radius:0px 0px 0px 0px;\npadding:0px 0px 0px 0px;\n}\n<\/style>\n<div  class='flex_column av-jtpm3-4ed2f5e447b7d9754a25c7d604f2646e av_one_third  avia-builder-el-18  el_after_av_hr  el_before_av_two_third  first flex_column_div av-zero-column-padding  '     ><p>\n<style type=\"text\/css\" data-created_by=\"avia_inline_auto\" id=\"style-css-av-jm9br-2127386dadedcc293c80fc749a443758\">\n#top .hr.hr-invisible.av-jm9br-2127386dadedcc293c80fc749a443758{\nmargin-top:-32px;\nheight:1px;\n}\n<\/style>\n<div  class='hr av-jm9br-2127386dadedcc293c80fc749a443758 hr-invisible  avia-builder-el-19  el_before_av_heading  avia-builder-el-first '><span class='hr-inner '><span class=\"hr-inner-style\"><\/span><\/span><\/div><br \/>\n\n<style type=\"text\/css\" data-created_by=\"avia_inline_auto\" id=\"style-css-av-3flbn-765489f4c52d142ba0e6348c1929c2a3\">\n#top .av-special-heading.av-3flbn-765489f4c52d142ba0e6348c1929c2a3{\npadding-bottom:0;\n}\nbody .av-special-heading.av-3flbn-765489f4c52d142ba0e6348c1929c2a3 .av-special-heading-tag .heading-char{\nfont-size:25px;\n}\n.av-special-heading.av-3flbn-765489f4c52d142ba0e6348c1929c2a3 .av-subheading{\nfont-size:15px;\n}\n<\/style>\n<div  class='av-special-heading av-3flbn-765489f4c52d142ba0e6348c1929c2a3 av-special-heading-h1 blockquote modern-quote  avia-builder-el-20  el_after_av_hr  avia-builder-el-last '><h1 class='av-special-heading-tag '  itemprop=\"headline\"  >Comp\u00e9tences<\/h1><div class=\"special-heading-border\"><div class=\"special-heading-inner-border\"><\/div><\/div><\/div><\/p><\/div>\n<style type=\"text\/css\" data-created_by=\"avia_inline_auto\" id=\"style-css-av-i34iz-c42ade269788669e04d35ca584689d73\">\n.flex_column.av-i34iz-c42ade269788669e04d35ca584689d73{\nborder-radius:0px 0px 0px 0px;\npadding:0px 0px 0px 0px;\n}\n<\/style>\n<div  class='flex_column av-i34iz-c42ade269788669e04d35ca584689d73 av_two_third  avia-builder-el-21  el_after_av_one_third  el_before_av_hr  flex_column_div av-animated-generic fade-in av-zero-column-padding  '     ><style type=\"text\/css\" data-created_by=\"avia_inline_auto\" id=\"style-css-sub-av-1pgab-595af1ed9122f50804e02706dc2ef8b3\">\n#top .avia-progress-bar-container .avia-progress-bar.av-g6f2j-27fcd83c8b7ac62f133b204f5e30a9f8 .bar{\nwidth:90%;\n}\n#top .avia-progress-bar-container .avia-progress-bar.av-fvpf7-52de4c41d71218906c45fc96d91a1110 .bar{\nwidth:80%;\n}\n#top .avia-progress-bar-container .avia-progress-bar.av-f6ijz-77ac0bd893f88fe55cce21244667aa45 .bar{\nwidth:80%;\n}\n#top .avia-progress-bar-container .avia-progress-bar.av-ekma7-0eb3c5bca086c0f67e3f3e2d3d5e9d2e .bar{\nwidth:70%;\n}\n#top .avia-progress-bar-container .avia-progress-bar.av-ea0kj-16feba5edebef75e3b597574c0eeb3ad .bar{\nwidth:60%;\n}\n<\/style>\n<div  class='avia-progress-bar-container av-1pgab-595af1ed9122f50804e02706dc2ef8b3 av-striped-bar av-animated-bar avia_animate_when_almost_visible  avia-builder-el-22  avia-builder-el-no-sibling '><div class='avia-progress-bar av-g6f2j-27fcd83c8b7ac62f133b204f5e30a9f8 icon-bar-no theme-color-bar theme-color-bar icon-bar-no'><div class=\"progressbar-title-wrap\"><div class=\"progressbar-icon\"><span class='progressbar-char avia-svg-icon avia-font-svg_entypo-fontello' data-av_svg_icon='43' data-av_iconset='svg_entypo-fontello'><\/span><\/div><div class='progressbar-title'>iOS &amp; Android Development<\/div><\/div><div class=\"progress\"><div class=\"bar-outer\"><div class='bar' data-progress='90'><\/div><\/div><\/div><\/div><div class='avia-progress-bar av-fvpf7-52de4c41d71218906c45fc96d91a1110 icon-bar-no theme-color-bar theme-color-bar icon-bar-no'><div class=\"progressbar-title-wrap\"><div class=\"progressbar-icon\"><span class='progressbar-char avia-iconfont avia-font-entypo-fontello' data-av_icon='\ue800' data-av_iconfont='entypo-fontello' ><\/span><\/div><div class='progressbar-title'>Data Analyst<\/div><\/div><div class=\"progress\"><div class=\"bar-outer\"><div class='bar' data-progress='80'><\/div><\/div><\/div><\/div><div class='avia-progress-bar av-f6ijz-77ac0bd893f88fe55cce21244667aa45 icon-bar-no theme-color-bar theme-color-bar icon-bar-no'><div class=\"progressbar-title-wrap\"><div class=\"progressbar-icon\"><span class='progressbar-char avia-iconfont avia-font-entypo-fontello' data-av_icon='\ue800' data-av_iconfont='entypo-fontello' ><\/span><\/div><div class='progressbar-title'>Webmarketing<\/div><\/div><div class=\"progress\"><div class=\"bar-outer\"><div class='bar' data-progress='80'><\/div><\/div><\/div><\/div><div class='avia-progress-bar av-ekma7-0eb3c5bca086c0f67e3f3e2d3d5e9d2e icon-bar-no theme-color-bar theme-color-bar icon-bar-no'><div class=\"progressbar-title-wrap\"><div class=\"progressbar-icon\"><span class='progressbar-char avia-iconfont avia-font-entypo-fontello' data-av_icon='\ue800' data-av_iconfont='entypo-fontello' ><\/span><\/div><div class='progressbar-title'>Programmation<\/div><\/div><div class=\"progress\"><div class=\"bar-outer\"><div class='bar' data-progress='70'><\/div><\/div><\/div><\/div><div class='avia-progress-bar av-ea0kj-16feba5edebef75e3b597574c0eeb3ad icon-bar-no theme-color-bar theme-color-bar icon-bar-no'><div class=\"progressbar-title-wrap\"><div class=\"progressbar-icon\"><span class='progressbar-char avia-iconfont avia-font-entypo-fontello' data-av_icon='\ue800' data-av_iconfont='entypo-fontello' ><\/span><\/div><div class='progressbar-title'>R\u00e9seaux &amp; T\u00e9l\u00e9coms<\/div><\/div><div class=\"progress\"><div class=\"bar-outer\"><div class='bar' data-progress='60'><\/div><\/div><\/div><\/div><\/div><\/div><div  class='hr av-diy6r-995e83922db8b2e95aa0eccaf1219681 hr-big  avia-builder-el-23  el_after_av_two_third  el_before_av_one_third '><span class='hr-inner '><span class=\"hr-inner-style\"><\/span><\/span><\/div>\n\n<style type=\"text\/css\" data-created_by=\"avia_inline_auto\" id=\"style-css-av-cvbez-f36b2cfcc2801298a9b3beb2e18ce5f3\">\n.flex_column.av-cvbez-f36b2cfcc2801298a9b3beb2e18ce5f3{\nborder-radius:0px 0px 0px 0px;\npadding:0px 0px 0px 0px;\n}\n<\/style>\n<div  class='flex_column av-cvbez-f36b2cfcc2801298a9b3beb2e18ce5f3 av_one_third  avia-builder-el-24  el_after_av_hr  el_before_av_two_third  first flex_column_div av-zero-column-padding  '     ><p>\n<style type=\"text\/css\" data-created_by=\"avia_inline_auto\" id=\"style-css-av-cca5j-ec36f32ec17b3fd868533098532c74be\">\n#top .hr.hr-invisible.av-cca5j-ec36f32ec17b3fd868533098532c74be{\nmargin-top:-28px;\nheight:1px;\n}\n<\/style>\n<div  class='hr av-cca5j-ec36f32ec17b3fd868533098532c74be hr-invisible  avia-builder-el-25  el_before_av_heading  avia-builder-el-first '><span class='hr-inner '><span class=\"hr-inner-style\"><\/span><\/span><\/div><br \/>\n\n<style type=\"text\/css\" data-created_by=\"avia_inline_auto\" id=\"style-css-av-2lwf3-0d8137183ed71d1cb3b73e7d46311b32\">\n#top .av-special-heading.av-2lwf3-0d8137183ed71d1cb3b73e7d46311b32{\npadding-bottom:0;\n}\nbody .av-special-heading.av-2lwf3-0d8137183ed71d1cb3b73e7d46311b32 .av-special-heading-tag .heading-char{\nfont-size:25px;\n}\n.av-special-heading.av-2lwf3-0d8137183ed71d1cb3b73e7d46311b32 .av-subheading{\nfont-size:15px;\n}\n<\/style>\n<div  class='av-special-heading av-2lwf3-0d8137183ed71d1cb3b73e7d46311b32 av-special-heading-h1 blockquote modern-quote  avia-builder-el-26  el_after_av_hr  avia-builder-el-last '><h1 class='av-special-heading-tag '  itemprop=\"headline\"  >Etudes<\/h1><div class=\"special-heading-border\"><div class=\"special-heading-inner-border\"><\/div><\/div><\/div><\/p><\/div>\n<style type=\"text\/css\" data-created_by=\"avia_inline_auto\" id=\"style-css-av-b7jy7-9751bc387ffa8c8a314d863d11ef92ab\">\n.flex_column.av-b7jy7-9751bc387ffa8c8a314d863d11ef92ab{\nborder-radius:0px 0px 0px 0px;\npadding:0px 0px 0px 0px;\n}\n<\/style>\n<div  class='flex_column av-b7jy7-9751bc387ffa8c8a314d863d11ef92ab av_two_third  avia-builder-el-27  el_after_av_one_third  el_before_av_hr  flex_column_div av-animated-generic fade-in av-zero-column-padding  '     ><p>\n<style type=\"text\/css\" data-created_by=\"avia_inline_auto\" id=\"style-css-av-265d7-873c098b7009be3a0d11815c00f635d6\">\n#top .av-special-heading.av-265d7-873c098b7009be3a0d11815c00f635d6{\npadding-bottom:0;\n}\nbody .av-special-heading.av-265d7-873c098b7009be3a0d11815c00f635d6 .av-special-heading-tag .heading-char{\nfont-size:25px;\n}\n.av-special-heading.av-265d7-873c098b7009be3a0d11815c00f635d6 .av-subheading{\nfont-size:15px;\n}\n<\/style>\n<div  class='av-special-heading av-265d7-873c098b7009be3a0d11815c00f635d6 av-special-heading-h1 blockquote modern-quote  avia-builder-el-28  el_before_av_textblock  avia-builder-el-first '><h1 class='av-special-heading-tag '  itemprop=\"headline\"  >Ing\u00e9nieur Data et d\u00e9veloppement<\/h1><div class=\"special-heading-border\"><div class=\"special-heading-inner-border\"><\/div><\/div><\/div><br \/>\n<section  class='av_textblock_section av-9mvtr-5bfaa469189140313134b44624e6a1c6 '   itemscope=\"itemscope\" itemtype=\"https:\/\/schema.org\/CreativeWork\" ><div class='avia_textblock'  itemprop=\"text\" ><p>Ma\u00eetrise des technologies de l&rsquo;information pour optimiser et innover dans les processus de donn\u00e9es.<\/p>\n<\/div><\/section><\/p><\/div><div  class='hr av-79363-55350ad984ea11e9a6762d747adaa7b4 hr-big  avia-builder-el-30  el_after_av_two_third  el_before_av_one_third '><span class='hr-inner '><span class=\"hr-inner-style\"><\/span><\/span><\/div>\n\n<style type=\"text\/css\" data-created_by=\"avia_inline_auto\" id=\"style-css-av-74hff-110b91e2301409decf97b3f1db60389c\">\n.flex_column.av-74hff-110b91e2301409decf97b3f1db60389c{\nborder-radius:0px 0px 0px 0px;\npadding:0px 0px 0px 0px;\n}\n<\/style>\n<div  class='flex_column av-74hff-110b91e2301409decf97b3f1db60389c av_one_third  avia-builder-el-31  el_after_av_hr  el_before_av_one_fifth  first flex_column_div av-zero-column-padding  '     ><p>\n<style type=\"text\/css\" data-created_by=\"avia_inline_auto\" id=\"style-css-av-6j2tr-ef75516fd720b26513fe35564b69c4b6\">\n#top .hr.hr-invisible.av-6j2tr-ef75516fd720b26513fe35564b69c4b6{\nmargin-top:-28px;\nheight:1px;\n}\n<\/style>\n<div  class='hr av-6j2tr-ef75516fd720b26513fe35564b69c4b6 hr-invisible  avia-builder-el-32  el_before_av_heading  avia-builder-el-first '><span class='hr-inner '><span class=\"hr-inner-style\"><\/span><\/span><\/div><br \/>\n\n<style type=\"text\/css\" data-created_by=\"avia_inline_auto\" id=\"style-css-av-11fe7-0913440a068115e3008b7aa1436f1953\">\n#top .av-special-heading.av-11fe7-0913440a068115e3008b7aa1436f1953{\npadding-bottom:0;\n}\nbody .av-special-heading.av-11fe7-0913440a068115e3008b7aa1436f1953 .av-special-heading-tag .heading-char{\nfont-size:25px;\n}\n.av-special-heading.av-11fe7-0913440a068115e3008b7aa1436f1953 .av-subheading{\nfont-size:15px;\n}\n<\/style>\n<div  class='av-special-heading av-11fe7-0913440a068115e3008b7aa1436f1953 av-special-heading-h1 blockquote modern-quote  avia-builder-el-33  el_after_av_hr  avia-builder-el-last '><h1 class='av-special-heading-tag '  itemprop=\"headline\"  >Social Media<\/h1><div class=\"special-heading-border\"><div class=\"special-heading-inner-border\"><\/div><\/div><\/div><\/p><\/div>\n<style type=\"text\/css\" data-created_by=\"avia_inline_auto\" id=\"style-css-av-2htnr-3546b264d312b455557e8de22f53a857\">\n.flex_column.av-2htnr-3546b264d312b455557e8de22f53a857{\nborder-radius:0px 0px 0px 0px;\npadding:0px 0px 0px 0px;\n}\n<\/style>\n<div  class='flex_column av-2htnr-3546b264d312b455557e8de22f53a857 av_one_fifth  avia-builder-el-34  el_after_av_one_third  avia-builder-el-last  flex_column_div av-zero-column-padding  '     ><style type=\"text\/css\" data-created_by=\"avia_inline_auto\" id=\"style-css-av-22t87-6eb893b86d0e40267e886401a85560d4\">\n.av_font_icon.av-22t87-6eb893b86d0e40267e886401a85560d4 .av-icon-char{\nfont-size:40px;\nline-height:40px;\nwidth:40px;\n}\n<\/style>\n<span  class='av_font_icon av-22t87-6eb893b86d0e40267e886401a85560d4 avia_animate_when_visible av-icon-style-border avia-icon-pos-center avia-iconfont avia-font-entypo-fontello av-no-color avia-icon-animate'><a href='https:\/\/www.linkedin.com\/in\/mohammed-jabri-592183117\/'   class='av-icon-char' data-av_icon='\ue8fc' data-av_iconfont='entypo-fontello' aria-hidden=\"false\" ><\/a><\/span><\/div>\n","protected":false},"excerpt":{"rendered":"","protected":false},"author":1,"featured_media":0,"parent":0,"menu_order":0,"comment_status":"closed","ping_status":"open","template":"","meta":{"footnotes":""},"class_list":["post-23","page","type-page","status-publish","hentry"],"_links":{"self":[{"href":"https:\/\/jabri.fr\/index.php\/wp-json\/wp\/v2\/pages\/23","targetHints":{"allow":["GET"]}}],"collection":[{"href":"https:\/\/jabri.fr\/index.php\/wp-json\/wp\/v2\/pages"}],"about":[{"href":"https:\/\/jabri.fr\/index.php\/wp-json\/wp\/v2\/types\/page"}],"author":[{"embeddable":true,"href":"https:\/\/jabri.fr\/index.php\/wp-json\/wp\/v2\/users\/1"}],"replies":[{"embeddable":true,"href":"https:\/\/jabri.fr\/index.php\/wp-json\/wp\/v2\/comments?post=23"}],"version-history":[{"count":7,"href":"https:\/\/jabri.fr\/index.php\/wp-json\/wp\/v2\/pages\/23\/revisions"}],"predecessor-version":[{"id":143,"href":"https:\/\/jabri.fr\/index.php\/wp-json\/wp\/v2\/pages\/23\/revisions\/143"}],"wp:attachment":[{"href":"https:\/\/jabri.fr\/index.php\/wp-json\/wp\/v2\/media?parent=23"}],"curies":[{"name":"wp","href":"https:\/\/api.w.org\/{rel}","templated":true}]}}